 + 9. Let l be q(-9). Suppose a = 2*c + 14, 3*a = -2*c + 2 - l. Suppose a*u = 2*z + 3720, 5*u + 2*z - 4637 = -2*z. Is u composite?
False
Suppose -189*h - 575965 = -1870402 - 1291461. Is h prime?
False
Suppose 36082650 = 28*m + 122*m. Is m a composite number?
False
Let p = 94 - -101. Suppose -3*f - 3 = -4*q, 2*q + 9 = 5*f - 0. Suppose -p = -8*m + q*m. Is m composite?
True
Suppose -2*x = 3*j - 55, 0 = -4*j + 2*x + 56 + 8. Let a(y) = -y**2 + 30*y - 10. Let s be a(j). Suppose -4*t + 8*r + s = 3*r, -2*r = 5*t - 305. Is t composite?
False
Let y(h) = -3*h**3 - 31*h**2 - 93*h - 41. Is y(-30) prime?
True
Let p(w) = -1 - 1 + 2*w - 1 - w. Let q be p(3). Suppose -2*x - 5*g + 333 - 79 = q, 0 = 3*g. Is x a prime number?
True
Suppose 0 = 18*z + 12*z + 272070. Is ((-3)/(12/16))/(6/z) a composite number?
True
Suppose 56 = -4*d + 4*o, 2*d - 32 = 4*d + 2*o. Let r = 11 + d. Is (21602/(-35))/(r/10) composite?
False
Let x = 1234 - 777. Let s = -1020 + x. Let h = -256 - s. Is h a prime number?
True
Let h(k) = 32395*k + 21. Is h(14) prime?
False
Suppose -18*o - 121 = -481. Is 38268/o + 0 - (-2)/(-5) a composite number?
False
Let g(l) = l**3 + 4*l**2 - 4*l - 12. Let k be g(-4). Suppose -z = -2*z - k*b + 1547, -3*b = 2*z - 3079. Is z a composite number?
True
Suppose r - 20 = -3*r, 4*r + 8800 = -5*v. Let t = -1240 - v. Suppose -2*d - 141 = -3*d - 4*k, 4*d - 4*k = t. Is d prime?
False
Let c(r) = 25693*r**2 + 125*r - 33. Is c(-3) prime?
False
Suppose -1 = -3*w + 20. Suppose -w*v + 11634 = -2002. Suppose -9*s - v = -13*s. Is s composite?
False
Let s(d) be the first derivative of -d**4/4 - 32*d**3/3 - 19*d**2/2 + 83*d + 143. Is s(-33) a prime number?
False
Let u(i) = i - 1. Let m be u(1). Suppose m = -h + 5*g + 547, -g = -1 - 0. Suppose 0 = -4*c + 956 + h. Is c a composite number?
True
Let l be (2/(24/(-5788)))/(1/(-6)). Suppose -17878 - l = -12*u. Is u prime?
False
Suppose -4*t + 24 = 2*t. Suppose 24 = -4*a - t*o - o, 0 = -o. Is (-96 + (-4 - a))*1/(-2) prime?
True
Let v = 354428 - 33369. Is v a prime number?
False
Suppose 5*v + u - 22 = -3*u, -2*u = -6. Let a be 651 - (-2 + 4 + 4). Suppose -5*d + a = -5*s, -v*d + d - 5*s = -141. Is d a composite number?
False
Let p(s) = -2*s**2 - 5*s + 3. Let v be p(-3). Suppose v = -3*b + 4*b + 1834. Let y = -1117 - b. Is y composite?
True
Let y be ((-12)/(-16))/3*4. Suppose 2*b - 15 - y = 0. Suppose 117 = -b*a + 4477. Is a a prime number?
False
Suppose -24*g + 9924 = -18*g. Suppose -h + g = -17*d + 22*d, 5*h - 8360 = 5*d. Is h a composite number?
False
Suppose 1758*r - 1759*r + 235439 = 0. Is r a composite number?
False
Let c = -128 - -128. Suppose -4*g + 950 = 2*x, c*g = 3*g + 9. Is x prime?
False
Is ((-242920)/(-120))/(-2 + (-21)/(-9)) prime?
True
Suppose -17958512 = -30*d + 8015998. Is d composite?
False
Let j = 88197 + -20240. Is j prime?
True
Let a be 3/((-3 + 70/25)/1). Is (813/4)/(a/(-200)*5) a prime number?
False
Let w = 84 + -79. Suppose 7088 - 2493 = w*j. Is j prime?
True
Let q(i) be the first derivative of -109*i**4/12 - 23*i**3/6 - i**2 - 16*i - 22. Let c(b) be the second derivative of q(b). Is c(-8) a composite number?
False
Let i = 1509660 + -841513. Is i a composite number?
True
Let d = -278 - -272. Is (-58737)/(-28) - (d/(-8) - 2) prime?
True
Suppose -23*r + 3977830 = -17*r + 28*r. Is r prime?
False
Let k = 18406 + 15233. Is k composite?
True
Is ((-339236)/(-40))/((-44)/(-440)) a prime number?
True
Suppose 5*t = -4*u - 19, 16 = -4*u - 4*t - 0*t. Let a be (4 + u)*(-7)/(-3). Suppose x = a*x - 13002. Is x a prime number?
False
Let t(c) = 640*c**3 + 2*c**2 - 3*c - 7. Let g be t(-2). Let h = g + 8507. Is h a composite number?
True
Suppose 8149138 = -213*k + 251*k. Is k composite?
False
Let n(v) = -v**2 - 13*v + 3. Let k be n(-13). Suppose o - 1076 = -4*m - m, -k*m - 4235 = -4*o. Let g = o - -54. Is g a composite number?
True
Is ((-1574217)/(-18))/((-2)/(-4)) prime?
False
Suppose -2 = 263*b - 264*b. Let n(x) = 2*x - 1. Let z be n(-1). Is ((-3935)/5)/(b + z) a prime number?
True
Let z = -637 - 375. Suppose 3*s - 22 = -2*q - 2*s, 0 = -2*q + s - 14. Is (q - z/(-10))*-5 prime?
False
Suppose -3*h + h + 12 = 2*o, 4*o + 2*h - 20 = 0. Suppose 0*g = -2*g + o. Is (-6)/(-12) + 3361/g - 2 prime?
False
Let p(g) = 3*g**2 + 75*g + 739. Is p(-52) prime?
True
Suppose -332 = -14*a + 18. Let c be (334/(-5))/((-5)/a). Let q = -113 + c. Is q prime?
False
Let q(m) = m**2 + 14*m + 45. Let n be q(-4). Suppose 4*u + j - 4168 = 0, -3*j + 2*j = -n*u + 5219. Is u a composite number?
True
Let r = -94 + 89. Let h be ((-20)/25)/((0 + 1)/r). Suppose h*v - 8105 = -1333. Is v composite?
False
Is 83822/(3/(-92)*(-56)/21) composite?
True
Suppose 0 = 93*a - 525315 - 2493372. Is a composite?
True
Let w = -106 - 98. Suppose -3*q + 4*r + 965 = 0, 9*r = -q + 10*r + 321. Let l = w + q. Is l a composite number?
True
Let p(t) = -2266*t + 75. Let f be p(-3). Suppose 3*l - 6242 = -a, -l = 2*a - 5606 - f. Is a a prime number?
False
Is -140586*-8*9/216 prime?
False
Is 42002228/(-258)*((-12)/8)/1 prime?
True
Suppose 5*g - 2*c = 33 + 15, 0 = 3*g - c - 28. Suppose 0 = 2*m + g*m - 35510. Is m prime?
False
Suppose -118*o + 115*o + 254737 = -a, 0 = 5*a - 10. Is o a composite number?
False
Let y(j) = 15*j**2 + 98*j - 7. Let l = -195 - -186. Is y(l) composite?
True
Let o = -546 + 3412. Is o prime?
False
Let x = 78 - 90. Let j(w) = -68*w + 91. Is j(x) prime?
True
Let h(r) = -20950*r**3 + 10*r**2 + 3. Let q(d) = 20950*d**3 - 8*d**2 + d - 3. Let o(s) = 3*h(s) + 4*q(s). Is o(1) a composite number?
True
Suppose 5*w = 10*w - 35800. Suppose 4*d = -4*d + w. Let g = d - 502. Is g prime?
False
Suppose -3*s = -4*z + 38360, -51*z + 48*z + 28769 = -2*s. Is z prime?
True
Let f = -4709 - -26938. Is f a composite number?
False
Let h = 184 + -184. Suppose 17762 = 5*f + 3*w - 34192, h = 3*f - 5*w - 31152. Is f prime?
False
Let g be 29/2 - (-3 + 25/10). Suppose -4*z - 2*h + 12 = 0, 3*h - 2*h = 5*z - g. Is (z/9)/((-5)/(-5835)) a prime number?
True
Suppose 3*r + 0 = -4*f + 14, 2*f + r = 6. Let i(s) = 17*s**f + 0 - 2*s + 6*s**2 + 29*s**2 + 2. Is i(2) a composite number?
True
Let r = 668011 - 452696. Is r a composite number?
True
Suppose 6*o + 36 = 2*o. Let u be (-3)/o*-3*-3. Suppose 0*k + u*k - 4011 = 0. Is k a prime number?
False
Let w be (-15)/10*16/6. Let d(s) = 127*s + 10. Let m(i) = -42*i - 3. Let p(a) = 2*d(a) + 7*m(a). Is p(w) composite?
True
Let l be 1/(5*2/102670). Suppose 15*j - l + 832 = 0. Is j composite?
True
Suppose 2*q + 3*d = 2131715, -19*d + 1065890 = q - 24*d. Is q prime?
False
Let i be (99 + -2)*-4 - 2*2. Let t = i - -1695. Is t composite?
False
Suppose 66*a - 119*a = -8202439. Is a composite?
True
Let q(t) = 2385*t + 1428. Is q(81) composite?
True
Suppose -5*n + 153664 + 144131 = -534490. Is n composite?
False
Let n be 351/26*16/(-6). Let y = 39 + n. Suppose 0*s - y*s + 5*d = -41, -2*d + 13 = 3*s. Is s a prime number?
True
Let v(j) = 127727*j**2 + 22*j + 1. Is v(-1) a prime number?
False
Is (-14)/2 + 2 - 8892/(-13) a prime number?
False
Let w be 18355 + (5 + -6)/(-1). Suppose 0 = 26*f - 22*f - w. Is f a composite number?
True
Suppose -5*l - 4*o - 2 = -3*o, 0 = -l - 2*o - 4. Suppose 2*u + 1 - 9 = l. Is ((-78)/u)/((-300)/(-104) - 3) a prime number?
False
Let x(a) = -15*a**2 - 16*a - 13. Let s(u) = 15*u**2 + 16*u + 12. Let z(g) = 6*s(g) + 5*x(g). Let l be z(7). Suppose 5*k - 3799 + l = 0. Is k composite?
True
Suppose 7 + 41 = -12*f. Is -6*1478/f + 18 + -14 a prime number?
True
Suppose 0 = -4*v - 2*v + 12. Suppose -v*f + 3*r = -4*f - 11, 4*f - 4*r = 28. Suppose u = -f*u + 3261. Is u a prime number?
True
Let s = -19254 - -38323. Is s a prime number?
True
Let x(d) = 87*d**2 - 56*d + 47. Is x(12) a composite number?
False
Let g be ((-2)/6 + 65/(-39))/(-1). Suppose -5*r + 6141 = g*s, 2*s - 3*r + 2*r - 6171 = 0. Is s a composite number?
False
Suppose -3*b - 4*f + 5 = -21, f = -2*b + 14. Suppose 16*g = 38 - b. Suppose -260 = -3*c + p, g*c + 0*c + p - 165 = 0. Is c a composite number?
True
Suppose -4*h + 2*f = 6220, -3*f - 3838 - 3926 = 5*h. Suppose 2*c + 4*q = 2*q + 4704, c - 5*q - 2346 = 0. Let v = c + h. Is v composite?
False
Let q be (-1)/1*(-2 - -2). Let n = 8901 - 9419. Is (-1)/(-1) - (n + q) prime?
False
Let i(p) = -4*p**2 + 21*p + 63. Let b be i(-3). Is (-495240)/b*(-6)/(-10) compos